 154 + 141d?
1573
In base 2, what is -101 + -1011000110100010?
-1011000110100111
In base 12, what is -25 + -784?
-7a9
In base 13, what is 0 - -177009?
177009
In base 6, what is -122 - -144500?
144334
In base 5, what is -1002 - -42012?
41010
In base 13, what is 27174 + 5?
27179
In base 7, what is 2451 - 25?
2423
In base 8, what is 2 - 53060?
-53056
In base 10, what is -4053 + -6?
-4059
In base 14, what is 97a + 168?
b04
In base 16, what is 14006 - 29?
13fdd
In base 4, what is -11 - -313102320?
313102303
In base 11, what is -1023 + 133?
-9a0
In base 16, what is 9a - -61?
fb
In base 8, what is 3 - 4452?
-4447
In base 16, what is -177 - -1e19?
1ca2
In base 11, what is -1 - 10402?
-10403
In base 2, what is -1101011101000 - -1?
-1101011100111
In base 11, what is -1324 - -120?
-1204
In base 12, what is 19425b + 4?
194263
In base 13, what is -1565 + a0?
-1495
In base 15, what is -7 - -2ae1?
2ad9
In base 7, what is 3615 + 1230?
5145
In base 4, what is 10 + 113332102?
113332112
In base 10, what is -1774 + 111?
-1663
In base 3, what is 11 + -12010220121?
-12010220110
In base 9, what is 13554 - -51?
13615
In base 7, what is 4 - 211033?
-211026
In base 10, what is -270 - 478?
-748
In base 6, what is -1204004 - -5?
-1203555
In base 7, what is -105 + -220?
-325
In base 12, what is -1087a + 36?
-10844
In base 13, what is 20 - -2881?
28a1
In base 14, what is -40b - -121?
-2ca
In base 15, what is b65e - 5?
b659
In base 7, what is -420 - 413?
-1133
In base 15, what is -16 - 305?
-31b
In base 15, what is 1b - -104c?
1068
In base 2, what is 0 + 10001010000000011?
10001010000000011
In base 15, what is -3 - -52c6?
52c3
In base 12, what is 3 - 81100?
-810b9
In base 16, what is 3 - -26f1?
26f4
In base 2, what is -110100 - 100010100?
-101001000
In base 3, what is 20120010010022 - 11?
20120010010011
In base 12, what is 1939 - 61?
1898
In base 15, what is -4 - 1ae161?
-1ae165
In base 2, what is 11011110111 - -100111111?
100000110110
In base 13, what is -4 + -194b?
-1952
In base 8, what is -3 + 73452?
73447
In base 3, what is -11 - -1021112002?
1021111221
In base 10, what is -3 + 57511?
57508
In base 6, what is -1325231434 + -3?
-1325231441
In base 15, what is e34a + -7?
e343
In base 9, what is -151 - 84?
-245
In base 3, what is 2202120 - 112211?
2012202
In base 3, what is 1101001 + -1001?
1100000
In base 13, what is -1 + 2347b?
2347a
In base 2, what is -1110111011100010100 - 11?
-1110111011100010111
In base 8, what is -2 - 171?
-173
In base 9, what is -2 + 138113?
138111
In base 9, what is -26 - 2383?
-2420
In base 14, what is 22c + 344?
572
In base 4, what is -103200 - 30?
-103230
In base 6, what is -422 + -1020?
-1442
In base 8, what is -15612 + -3?
-15615
In base 15, what is -b + 955?
949
In base 5, what is -130 - -4433240?
4433110
In base 10, what is -790 - 243?
-1033
In base 9, what is -586760 - -1?
-586758
In base 11, what is -a250 + 14?
-a237
In base 6, what is -2322 - -22?
-2300
In base 16, what is -c - 37f0?
-37fc
In base 8, what is 4 - -160653?
160657
In base 10, what is 1400 - -892?
2292
In base 13, what is -2 + -c74?
-c76
In base 7, what is -5 + 233124?
233116
In base 9, what is 6523 - -36?
6560
In base 4, what is 21013 + 1102223?
1123302
In base 7, what is 411 + 306?
1020
In base 8, what is 134232 - 4?
134226
In base 2, what is -100100011110010011 + 10111?
-100100011101111100
In base 14, what is -206 - 2d?
-235
In base 4, what is -103213 + 1320?
-101233
In base 2, what is 1010110010111111 + -1?
1010110010111110
In base 13, what is 8 - -a008?
a013
In base 14, what is 34 + -96d8?
-96a4
In base 8, what is 5 - 241261?
-241254
In base 7, what is 4362 - -204?
4566
In base 3, what is 1010 + 100201121?
100202201
In base 5, what is 20242 + 0?
20242
In base 14, what is -2a + 1d79?
1d4d
In base 3, what is -2111 - -11122?
2011
In base 11, what is -3772 - a?
-3781
In base 3, what is -12002211 - -1020020?
-10212121
In base 12, what is -44 + -61a?
-662
In base 9, what is -224 + 36?
-177
In base 7, what is -5021 - -331?
-4360
In base 4, what is 101302 - -321?
102223
In base 8, what is -274173 + 5?
-274166
In base 3, what is 100210202 - -1?
100210210
In base 5, what is 4 - 110334143?
-110334134
In base 5, what is -1004430 + 4?
-1004421
In base 10, what is 633 - 681?
-48
In base 14, what is -4 - 2b506?
-2b50a
In base 3, what is 212121112 + -12?
212121100
In base 2, what is 11001011111010 + 11?
11001011111101
In base 13, what is 72 + -12b07?
-12a65
In base 14, what is 39 + 99?
d4
In base 4, what is -233121101 - -2?
-233121033
In base 9, what is -24 - -1723?
1688
In base 10, what is -17 + -51722?
-51739
In base 7, what is -1051130 + 6?
-1051121
In base 11, what is -1 - -a450?
a44a
In base 5, what is -1 + 322024024?
322024023
In base 10, what is 615873 + -3?
615870
In base 2, what is -11011011 - 1111?
-11101010
In base 15, what is 61 - -db7?
e28
In base 12, what is 6b68a - -2?
6b690
In base 4, what is -13 - 1021132?
-1021211
In base 9, what is 14617 - 5?
14612
In base 3, what is 20211 + -102022?
-11111
In base 11, what is -584 - -10?
-574
In base 6, what is -4 - 1154434?
-1154442
In base 2, what is 0 + 11101110101010?
11101110101010
In base 13, what is 4 + -22465?
-22461
In base 9, what is -13 + 60644?
60631
In base 9, what is 344422 - 4?
344417
In base 8, what is 50430 - 5?
50423
In base 5, what is 1211220 + 4?
1211224
In base 16, what is -d7 - 24b?
-322
In base 10, what is -100 - -637?
537
In base 8, what is -3 - -15523?
15520
In base 16, what is 7dc6 - -15?
7ddb
In base 14, what is -17 - 826?
-83d
In base 16, what is 2203d + -4?
22039
In base 4, what is 213011 - 10213?
202132
In base 14, what is -cca7b + -1?
-cca7c
In base 10, what is 3989879 - 0?
3989879
In base 4, what is 103013002 - -30?
103013032
In base 15, what is 11 - -17d0?
17e1
In base 5, what is -3021 - 3124?
-11200
In base 7, what is -231204 - 21?
-231225
In base 7, what is -41 + -3016?
-3060
In base 6, what is -10342144 + 0?
-10342144
In base 4, what is -2101220 + 123?
-2101031
In base 16, what is -d - 56ed?
-56fa
In base 15, what is -a - -cda?
cd0
In base 9, what is 1 - -107765?
107766
In base 14, what is -58 - -1c?
-3a
In base 15, what is 807 + 1?
808
In base 8, what is -634 + 23?
-611
In base 7, what is 13033660 + 1?
13033661
In base 9, what is 10 + 33315?
33325
In base 2, what is -1 + 10111111011110100000?
10111111011110011111
In base 14, what is 21c98 - -4?
21c9c
In base 5, what is 1021204 - -1114?
1022323
In base 9, what is 2813 + -254?
2548
In base 13, what is -4 + 6616b?
66167
In base 16, what is 4e - ac6?
-a78
In base 6, what is -1534 - -3023?
1045
In base 7, what is -231303 - -5?
-231265
In base 4, what is 1211000 - 302?
1210032
In base 12, what is 1 - -9324b?
93250
In base 4, what is -320 - 2231130?
-2232110
In base 11, what is -121a - -1115?
-105
In base 4, what is 12100313 + -10?
12100303
In base 3, what is -1012100220 + 1?
-1012100212
In base 12, what is -3 + -34aa?
-34b1
In base 16, what is -14 - aa8?
-abc
In base 15, what is -5 + 696?
691
In base 16, what is 6 + -10f1?
-10eb
In base 2, what is -100100011 - -1011111010111?
1011010110100
In base 5, what is -12043304 + -2?
-12043311
In base 9, what is -6 - 114645?
-114652
In base 13, what is 2 + 9099?
909b
In base 8, what is -2551231 - 2?
-2551233
In base 2, what is -101 + -100111110001100?
-100111110010001
In base 10, what is -35695 + 0?
-35695
In base 7, what is 14 - -2661?
3005
In base 9, what is -1016 + 1828?
812
In base 4, what is -2112 + -3111?
-11223
In base 6, what is 11 - -10244?
10255
In base 16, what is -1 - -2ab8?
2ab7
In base 5, what is -4 + 1420132?
1420123
In base 9, what is -177063 - -6?
-177056
In base 8, what is 3 - 7410?
-7405
In base 14, what is d91 - -85?
1036
In base 8, what is 2 + -10015?
-10013
In base 7, what is -22 - 16240?
-16262
In base 4, what is 1 + -223112?
-223111
In base 7, what is 10006 + -4?
10002
In base 16, what is -6 + -16c7?
-16cd
In base 9, what is 1800 + 10?
1810
In base 6, what is 21513 - -320?
22233
In base 3, what is -201 + 1002111?
1001210
In base 3, what is -111021122111 + 10?
-111021122101
In base 12, what is 1 + -6072?
-6071
In base 7, what is -3640 + 14?
-3623
In base 6, what is -41022 - 1?
-41023
In base 3, what is 10 + -20020?
-20010
In base 13, what is -bc8 + cb?
-aca
In base 11, what is 244a + 